-12)*1*(-1)/(-2). Let s be -4 - ((l - 106) + -1). Let x = s - 72. What is the greatest common factor of 22 and x?
11
Let l(c) = 13*c**3 - 1. Let q be l(1). Suppose 0 = -4*p + d + 3225 - 2949, -p - 4*d = -18. Calculate the greatest common divisor of p and q.
6
Let u = 11 - 21. Let t be u/(-1 + (-14)/(-16)). Let v = -91021 - -91026. What is the highest common divisor of v and t?
5
Suppose -w - 4*t + 10 = 0, -t = -5*w - 26 + 97. Suppose -3*j = -w - 40. Calculate the greatest common factor of j and 198.
18
Let k = 2163 - 2143. What is the highest common divisor of 2060 and k?
20
Let g(s) = 52*s**2 - 65*s - 429. Let c be g(-4). Calculate the highest common factor of 507 and c.
39
Let a = 311 - 294. Calculate the greatest common factor of a and 5984.
17
Let q = 42 - 41. Let x = q + 1. Let w = x - -13. Calculate the highest common factor of w and 10.
5
Let f = -234 + 434. Let m be 4/(-6)*120*1/(-1). What is the highest common factor of f and m?
40
Suppose -3*w - 33 = -0*w. Let h(l) = 7*l**2 + 53*l + 49. Let a be h(-8). Let x = a - w. What is the greatest common divisor of x and 28?
28
Let v be 330/(-4125) + 14254/50. What is the highest common divisor of v and 5?
5
Suppose -396*x = -397*x. Suppose x = -11*b - 1 + 45. What is the greatest common divisor of b and 28?
4
Let w(z) = 2*z**3 + 60*z**2 - 957*z + 50. Let g be w(23). What is the greatest common divisor of 249 and g?
249
Let g be ((-3726)/(-567))/(4/14). Suppose 143 - g = 10*m. Calculate the highest common factor of 192 and m.
12
Let k = -11520 - -11555. Calculate the greatest common factor of k and 406.
7
Let b(d) = -d**2 - d + 5. Let c be b(-2). Suppose 2*s - 5*f = 498 + 306, -1634 = -4*s - c*f. What is the highest common divisor of s and 11?
11
Suppose -913 = -4*d - o - 109, -2*o = d - 208. Let a = -38706 + 38731. Calculate the highest common divisor of a and d.
25
Suppose -4*m + 327 = -4*w - 2633, 0 = 4*m - 3*w - 2960. What is the greatest common divisor of m and 50?
10
Let w = -297 + 175. Let d = w + 228. Let y = 110 - d. What is the highest common factor of 20 and y?
4
Let c(j) = -j**3 + 15*j**2 - 14*j + 4. Let h be c(14). Suppose 0*r = h*r + 184. Let m = -10 - r. Calculate the highest common factor of 24 and m.
12
Let f = 11 - 5. Let c be ((-7)/((-210)/(-12)))/((-36)/990) - -103. What is the greatest common factor of f and c?
6
Let k(t) be the third derivative of t**4/6 - 9*t**3/2 + 15*t**2. Let o = -2 - -14. Let v be k(o). What is the greatest common divisor of v and 21?
21
Let x be (-10)/(-2 - -7)*(-110)/(-40)*-122. Let p be (-159)/(-15) - 2/(-5). Calculate the greatest common divisor of p and x.
11
Suppose 14*t - 13*t = 9. Let f = -30 - -31. What is the highest common divisor of t and f?
1
Let p be 16 - 1/((2 + -6)/16). Let k(z) = -z**3 + 19*z**2 + 25*z - 50. Let b be k(p). What is the greatest common factor of b and 275?
25
Suppose 3*r = 4*n + 109, 2*n + 5*r + 85 = 24. Let g be (24/n)/(7/(-147)). What is the highest common divisor of 2 and g?
2
Let s be (-3500)/(392/(-14)) + 22/2. Calculate the highest common factor of 13 and s.
1
Suppose -5 = u - 9. Suppose 2*c = c + u. Suppose -c*v + 9 + 27 = 0. Calculate the greatest common factor of v and 36.
9
Suppose 254 = 3*g + 5*k, -k = 4*g + 2*k - 357. Let w = -39 + g. Let n be ((-632)/(-395))/(4/30). Calculate the highest common divisor of w and n.
6
Let m(q) = -q**2 + 8*q. Let a be m(5). Let t(h) = -14*h**3 + h**2 + 4*h - 8. Let y be t(-3). Let s = y - 364. Calculate the greatest common divisor of a and s.
3
Suppose 3*n = 3*f + f + 3, 3*f = -2*n + 19. Suppose 5*a = -n*c + 7420, -14*c + 1484 = a - 10*c. What is the highest common factor of 28 and a?
28
Let u be 2793/18 + (-4)/24. Let k be ((-8722)/8)/(-7) + 2/8. Let l = k - 125. Calculate the greatest common factor of l and u.
31
Let n(y) = 8*y**2 - 20*y - 616. Let d be n(-18). What is the greatest common divisor of d and 73?
73
Let y(u) = u**3 + 79*u**2 + 25*u - 369. Let x be y(-77). What is the highest common divisor of x and 24?
12
Let z = 2401 + -444. What is the highest common divisor of z and 95?
19
Suppose 3*l = -2*k + 34, -2*k + 27 = 2*l + 1. Let j be 7 + -3 + (-10)/(-2). Suppose l*t = j*t - 336. Calculate the highest common factor of 42 and t.
42
Let w be (12 - 9)*(0 - 8/(-6)). Suppose w*r - 192 = -0*r. Let o(g) = -14*g - 20. Let h be o(-4). Calculate the highest common divisor of r and h.
12
Let g(o) be the second derivative of o**4/6 + 71*o**3/6 + 55*o**2 - 37*o + 2. Let j be g(-34). Calculate the highest common factor of 128 and j.
8
Let r(t) = t**3 - 10*t**2 + 19*t - 18. Let s be r(8). Suppose -3*u + 5*n + 30 = 2, 0 = -u + 4*n + 14. Calculate the highest common factor of u and s.
6
Suppose 15*z - 20*z = 3*r - 50, -19 = -2*z - r. What is the highest common factor of 10451 and z?
7
Let p = 8798 + -8765. What is the greatest common factor of 3784 and p?
11
Let f(s) = s**3 - 3*s**2 + 3*s + 4. Let p be f(3). Let c(b) = b + 40. Let z be c(-12). Let y = 11 + z. What is the highest common factor of p and y?
13
Let m = 48 - 46. Suppose -221 - 33 = -m*f. Let z = -106 + f. What is the greatest common divisor of 189 and z?
21
Let v(g) = 2*g**3 + 22*g**2 - 47*g - 52. Let a be v(-5). Suppose 2*k - 68 = -3*m - 3*k, -5 = -5*k. What is the highest common divisor of m and a?
21
Let g be 222/1258 + 9032/68. What is the highest common factor of g and 69293?
133
Let d(y) = -3*y**3 - 239*y**2 - 159*y - 71. Let u be d(-79). Calculate the greatest common divisor of u and 3544.
8
Let w be (1/2)/((-8)/(-112)). Let z(f) = -f**2 + 12*f - 26. Let t be z(w). What is the highest common factor of 81 and t?
9
Let x be 1*-1 - (-5 + 3)*-8. Let c be (18 + x)/(-1*1/(-4)). Let i be (-8)/12*(12*-10)/c. Calculate the highest common divisor of i and 10.
10
Let z = 249 - 215. Suppose 2*l - 81 = -l - t, -l + 2*t = -z. Calculate the greatest common divisor of 14 and l.
14
Let g(m) = 194*m - 602. Let a be g(4). What is the greatest common divisor of a and 261?
87
Let l(f) = 10*f - 7*f + f - f - 7. Let a be l(17). What is the highest common divisor of 4 and a?
4
Suppose -21*w + 21120 = 1378 - 1258. What is the greatest common divisor of 175 and w?
25
Let c = 620 - 416. What is the highest common factor of 12 and c?
12
Let i = 4631 + -4311. Calculate the greatest common factor of 540 and i.
20
Let f(d) = 2*d + 23. Let t = 351 + -357. Let u be f(t). What is the greatest common divisor of 187 and u?
11
Suppose -6*x = -10*x - 2*t - 1304, -2*x + 2*t = 646. Let j = x - -345. Calculate the greatest common divisor of j and 260.
20
Let r be (114/(-6) - 3)/((-3)/6). Calculate the greatest common factor of r and 44.
44
Let k be 140 + 30/(-10) + -3. Calculate the highest common factor of 2077 and k.
67
Let c = -2718 + 2754. What is the highest common divisor of c and 3?
3
Suppose -3*b + 6276 = 4*x, 2440 = 2*x + 5*b - 698. Suppose -5*l = -3*f + x, -2*f + 5*l - 2655 = -7*f. Calculate the greatest common divisor of f and 48.
48
Suppose 2*g + 4*w = 444, -5*w - 867 = -4*g - 6*w. What is the highest common factor of 1224 and g?
72
Suppose -2*c = 2*k - 90, 3*c + 15 = 6. Calculate the highest common factor of k and 168.
24
Let q = -2242 + 7534. What is the greatest common divisor of 108 and q?
108
Let p(q) = 84*q - 384. Let r be p(8). What is the highest common factor of r and 304?
16
Suppose -255*w = 2*y - 260*w - 313, -w - 9 = 0. What is the greatest common factor of 6 and y?
2
Let i = -12173 + 12186. What is the highest common divisor of i and 1339?
13
Let p = 52 + -43. Let n(y) = 19*y - 65. Let u be n(p). Calculate the greatest common factor of 477 and u.
53
Let n be 6631/4 - ((-390)/40)/(-13). Suppose -33*a - n = -25945. What is the greatest common factor of a and 92?
92
Suppose 5*y - 38 = 3*a, 9*a = 3*y + 5*a - 14. Suppose y*j - 3266 = 784. Calculate the greatest common divisor of j and 45.
45
Let y = 10244 + -10233. Let i = 29 + -18. Calculate the greatest common factor of i and y.
11
Suppose -329 + 1529 = 40*l. Let m(s) = -s**2 + 37*s + 54. Let z be m(l). Calculate the greatest common factor of 24 and z.
24
Suppose -2*f + 0*f - 24 = 0. Let x = -2260 - -2228. Let h = f - x. Calculate the greatest common factor of h and 5.
5
Suppose 56*t + 43875 = 83*t. What is the highest common factor of t and 50?
25
Suppose 58 = 5*k - 2*o - 11, 